{"id":2475,"date":"2021-10-12T23:03:13","date_gmt":"2021-10-12T21:03:13","guid":{"rendered":"http:\/\/colettehilaire-aquarelliste.fr\/?page_id=2475"},"modified":"2021-12-08T17:03:33","modified_gmt":"2021-12-08T16:03:33","slug":"olivier","status":"publish","type":"page","link":"https:\/\/colettehilaire-aquarelliste.fr\/index.php\/olivier\/","title":{"rendered":"OLIVIER"},"content":{"rendered":"<p>[vc_row row_content_width=\u00a0\u00bbgrid\u00a0\u00bb css=\u00a0\u00bb.vc_custom_1633430900706{margin-right: 60px !important;margin-left: 60px !important;padding-bottom: 110px !important;}\u00a0\u00bb][vc_column]<div class=\"eltdf-section-title-holder   eltdf-st-decorative-line\" style=\"padding: 0 10%;text-align: center\">\n\t<div class=\"eltdf-st-inner\">\n                    <span class=\"eltdf-st-caption\" >\n                <span class=\"eltdf-st-caption-inner\" >R\u00e9confort<\/span>\n            <\/span>\n        \t\t\t\t\t\t\t<\/div>\n<\/div>[vc_column_text css=\u00a0\u00bb.vc_custom_1638650940180{margin-top: 40px !important;}\u00a0\u00bb]Majestueux, tu es l\u00e0 depuis si longtemps. Bien avant que je t\u2019admire.<br \/>\nDifficile de transcrire ta beaut\u00e9.<\/p>\n<p>Je connais une partie de ton histoire puisqu\u2019elle s\u2019est inscrite dans la mienne.<br \/>\nVous \u00e9tiez deux.<br \/>\nMais un temps d\u2019hiver, la neige si belle fut trop lourde \u00e0 porter.<br \/>\nEt sous son poids, ta moiti\u00e9 a c\u00e9d\u00e9.<br \/>\nAlors je t\u2019ai sauv\u00e9.<br \/>\nTu \u00e9tais certainement plus fort; tu as su continuer sans l\u2019autre.<br \/>\nPas facile de perdre un \u00eatre aim\u00e9\u2026<\/p>\n<p>Les saisons sont revenues. Les unes semblables aux autres.<br \/>\nLe premier hiver seul fut bien cruel. Tu as surmont\u00e9 ton chagrin.<\/p>\n<p>Puis le printemps a refait son apparition.<br \/>\nTu as accueilli MES ANGES avec leurs petits sifflements joyeux, le bruit de leurs battements d\u2019ailes, leurs couleurs, leurs fragilit\u00e9s, leurs beaut\u00e9s. Tu t\u2019es pris \u00e0 les admirer et ton coeur est reparti.<\/p>\n<p>Tu n\u2019as pas vu que tu avais un ami proche, tout proche de toi: un tilleul magnifique!<br \/>\n\u00c0 pr\u00e9sent, tu n\u2019es plus seul et souvent, quand je vous regarde, je vois vos feuilles danser au vent.<br \/>\nJ\u2019aime vous regarder murmurer de belles histoires.<br \/>\n[\/vc_column_text][\/vc_column][\/vc_row][vc_row][vc_column]<div class=\"eltdf-image-gallery eltdf-grid-list eltdf-grid-masonry-list eltdf-disable-bottom-space  eltdf-ig-masonry-type eltdf-three-columns eltdf-tiny-space  \">\n\t<div class=\"eltdf-ig-inner eltdf-outer-space eltdf-masonry-list-wrapper\">\n\t\t<div class=\"eltdf-masonry-grid-sizer\"><\/div>\n\t\t<div class=\"eltdf-masonry-grid-gutter\"><\/div>\n\t\t\t\t\t\t\t\t<div class=\"eltdf-ig-image eltdf-item-space \">\n\t\t\t\t<div class=\"eltdf-ig-image-inner\">\n\t\t\t\t\t\t\t\t\t\t\t<img width=\"481\" height=\"640\" src=\"https:\/\/colettehilaire-aquarelliste.fr\/wp-content\/uploads\/2021\/10\/olivier.jpg\" class=\"attachment-full size-full\" alt=\"\" decoding=\"async\" loading=\"lazy\" srcset=\"https:\/\/colettehilaire-aquarelliste.fr\/wp-content\/uploads\/2021\/10\/olivier.jpg 481w, https:\/\/colettehilaire-aquarelliste.fr\/wp-content\/uploads\/2021\/10\/olivier-225x300.jpg 225w\" sizes=\"(max-width: 481px) 100vw, 481px\" \/>\t\t\t\t\t\t\t\t\t<\/div>\n\t\t\t<\/div>\n\t\t\t\t\t\t\t\t<div class=\"eltdf-ig-image eltdf-item-space \">\n\t\t\t\t<div class=\"eltdf-ig-image-inner\">\n\t\t\t\t\t\t\t\t\t\t\t<img width=\"541\" height=\"480\" src=\"https:\/\/colettehilaire-aquarelliste.fr\/wp-content\/uploads\/2021\/10\/olivier1.jpg\" class=\"attachment-full size-full\" alt=\"\" decoding=\"async\" loading=\"lazy\" srcset=\"https:\/\/colettehilaire-aquarelliste.fr\/wp-content\/uploads\/2021\/10\/olivier1.jpg 541w, https:\/\/colettehilaire-aquarelliste.fr\/wp-content\/uploads\/2021\/10\/olivier1-300x266.jpg 300w\" sizes=\"(max-width: 541px) 100vw, 541px\" \/>\t\t\t\t\t\t\t\t\t<\/div>\n\t\t\t<\/div>\n\t\t\t<\/div>\n<\/div>[\/vc_column][\/vc_row]<\/p>\n","protected":false},"excerpt":{"rendered":"<p>[vc_row row_content_width=\u00a0\u00bbgrid\u00a0\u00bb css=\u00a0\u00bb.vc_custom_1633430900706{margin-right: 60px !important;margin-left: 60px !important;padding-bottom: 110px !important;}\u00a0\u00bb][vc_column][vc_column_text css=\u00a0\u00bb.vc_custom_1638650940180{margin-top: 40px !important;}\u00a0\u00bb]Majestueux, tu es l\u00e0 depuis si longtemps. Bien avant que je t\u2019admire. Difficile de transcrire ta beaut\u00e9. Je connais une partie de ton histoire puisqu\u2019elle s\u2019est inscrite dans la [&hellip;]<\/p>\n","protected":false},"author":1,"featured_media":0,"parent":0,"menu_order":0,"comment_status":"closed","ping_status":"closed","template":"","meta":{"_monsterinsights_skip_tracking":false,"_monsterinsights_sitenote_active":false,"_monsterinsights_sitenote_note":"","_monsterinsights_sitenote_category":0},"_links":{"self":[{"href":"https:\/\/colettehilaire-aquarelliste.fr\/index.php\/wp-json\/wp\/v2\/pages\/2475"}],"collection":[{"href":"https:\/\/colettehilaire-aquarelliste.fr\/index.php\/wp-json\/wp\/v2\/pages"}],"about":[{"href":"https:\/\/colettehilaire-aquarelliste.fr\/index.php\/wp-json\/wp\/v2\/types\/page"}],"author":[{"embeddable":true,"href":"https:\/\/colettehilaire-aquarelliste.fr\/index.php\/wp-json\/wp\/v2\/users\/1"}],"replies":[{"embeddable":true,"href":"https:\/\/colettehilaire-aquarelliste.fr\/index.php\/wp-json\/wp\/v2\/comments?post=2475"}],"version-history":[{"count":9,"href":"https:\/\/colettehilaire-aquarelliste.fr\/index.php\/wp-json\/wp\/v2\/pages\/2475\/revisions"}],"predecessor-version":[{"id":3211,"href":"https:\/\/colettehilaire-aquarelliste.fr\/index.php\/wp-json\/wp\/v2\/pages\/2475\/revisions\/3211"}],"wp:attachment":[{"href":"https:\/\/colettehilaire-aquarelliste.fr\/index.php\/wp-json\/wp\/v2\/media?parent=2475"}],"curies":[{"name":"wp","href":"https:\/\/api.w.org\/{rel}","templated":true}]}}